.
351
Calculate the remainder when 353556 is divided by 49.
21
What is the remainder when 13311 is divided by 238?
221
What is the remainder when 3068442 is divided by 133?
132
What is the remainder when 530 is divided by 76?
74
Calculate the remainder when 49650 is divided by 3.
0
Calculate the remainder when 1536188 is divided by 2032.
2028
Calculate the remainder when 242282 is divided by 76.
70
Calculate the remainder when 89476 is divided by 89414.
62
Calculate the remainder when 1699 is divided by 35.
19
Calculate the remainder when 5516 is divided by 277.
253
Calculate the remainder when 16244 is divided by 95.
94
Calculate the remainder when 19481 is divided by 19409.
72
What is the remainder when 645 is divided by 75?
45
What is the remainder when 403 is divided by 98?
11
What is the remainder when 4621 is divided by 52?
45
What is the remainder when 5226 is divided by 1489?
759
Calculate the remainder when 450798 is divided by 89.
13
What is the remainder when 97125 is divided by 32368?
21
Calculate the remainder when 178163 is divided by 139.
104
What is the remainder when 381902 is divided by 95471?
18
What is the remainder when 249513 is divided by 58?
55
Calculate the remainder when 205072 is divided by 11.
10
Calculate the remainder when 934 is divided by 591.
343
Calculate the remainder when 4328 is divided by 1338.
314
What is the remainder when 19187 is divided by 2721?
140
Calculate the remainder when 2762 is divided by 621.
278
What is the remainder when 15335 is divided by 5069?
128
Calculate the remainder when 9122 is divided by 721.
470
What is the remainder when 862498 is divided by 60?
58
What is the remainder when 4207 is divided by 48?
31
What is the remainder when 54806 is divided by 70?
66
What is the remainder when 30522 is divided by 192?
186
Calculate the remainder when 12433 is divided by 59.
43
What is the remainder when 17874 is divided by 397?
9
Calculate the remainder when 2899 is divided by 172.
147
Calculate the remainder when 3030 is divided by 78.
66
Calculate the remainder when 102575 is divided by 139.
132
Calculate the remainder when 189465 is divided by 63155.
0
What is the remainder when 12974582 is divided by 155?
152
What is the remainder when 3317 is divided by 107?
0
Calculate the remainder when 10602 is divided by 707.
704
What is the remainder when 25993 is divided by 1529?
0
Calculate the remainder when 2909 is divided by 30.
29
What is the remainder when 4198 is divided by 117?
103
Calculate the remainder when 13428 is divided by 4445.
93
Calculate the remainder when 997295 is divided by 37.
34
What is the remainder when 1212 is divided by 133?
15
Calculate the remainder when 100314 is divided by 20047.
79
Calculate the remainder when 218736 is divided by 596.
4
What is the remainder when 1793 is divided by 1760?
33
Calculate the remainder when 736773 is divided by 27.
24
What is the remainder when 2911 is divided by 966?
13
What is the remainder when 69216 is divided by 13841?
11
What is the remainder when 4177 is divided by 1199?
580
What is the remainder when 2981 is divided by 1485?
11
Calculate the remainder when 316076 is divided by 5.
1
What is the remainder when 299258 is divided by 41?
40
What is the remainder when 41407 is divided by 13798?
13
Calculate the remainder when 4473517 is divided by 16.
13
What is the remainder when 2628 is divided by 140?
108
What is the remainder when 1153 is divided by 186?
37
What is the remainder when 17392 is divided by 4268?
320
What is the remainder when 341517 is divided by 16?
13
Calculate the remainder when 16637 is divided by 26.
23
What is the remainder when 2545 is divided by 614?
89
Calculate the remainder when 11119 is divided by 121.
108
What is the remainder when 533 is divided by 209?
115
What is the remainder when 952131 is divided by 13?
11
What is the remainder when 200528 is divided by 100260?
8
What is the remainder when 2319 is divided by 146?
129
What is the remainder when 2719950 is divided by 1112?
1110
What is the remainder when 10319 is divided by 246?
233
What is the remainder when 3799 is divided by 762?
751
What is the remainder when 482929 is divided by 424?
417
What is the remainder when 534 is divided by 233?
68
Calculate the remainder when 11073 is divided by 848.
49
Calculate the remainder when 1122 is divided by 412.
298
What is the remainder when 1046816 is divided by 365?
361
What is the remainder when 3577 is divided by 907?
856
What is the remainder when 596359 is divided by 34?
33
What is the remainder when 1311672 is divided by 34?
20
Calculate the remainder when 17849 is divided by 105.
104
Calculate the remainder when 934959 is divided by 34.
27
What is the remainder when 57032 is divided by 1964?
76
What is the remainder when 5733518 is divided by 1040?
1038
Calculate the remainder when 53051 is divided by 655.
651
What is the remainder when 64476 is divided by 597?
0
What is the remainder when 31299 is divided by 20?
19
What is the remainder when 3060127 is divided by 8?
7
Calculate the remainder when 25986 is divided by 5194.
16
Calculate the remainder when 905 is divided by 123.
44
What is the remainder when 97821 is divided by 160?
61
What is the remainder when 403104 is divided by 118?
16
Calculate the remainder when 9670 is divided by 3214.
28
What is the remainder when 20537 is divided by 2567?
1
What is the remainder when 92706 is divided by 433?
44
What is the remainder when 24159 is divided by 474?
459
What is the remainder when 125039 is divided by 125026?
13
What is the remainder when 64486 is divided by 408?
22
Calculate the remainder when 166508 is divided by 39.
17
What is the remainder when 192496 is divided by 161?
101
What is the remainder when 153595 is divided by 86?
85
Calculate the remainder when 32710 is divided by 174.
172
What is the remainder when 9515 is divided by 3080?
275
What is the remainder when 294997 is divided by 25?
22
Calculate the remainder when 2498 is divided by 366.
302
Calculate the remainder when 201717 is divided by 1253.
1237
Calculate the remainder when 2945 is divided by 12.
5
Calculate the remainder when 3548 is divided by 237.
230
What is the remainder when 209 is divided by 17?
5
Calculate the remainder when 4343 is divided by 167.
1
Calculate the remainder when 82582 is divided by 372.
370
Calculate the remainder when 1538 is divided by 117.
17
Calculate the remainder when 2972 is divided by 3.
2
Calculate the remainder when 113906 is divided by 44.
34
Calculate the remainder when 37260 is divided by 12400.
60
What is the remainder when 27786 is divided by 222?
36
What is the remainder when 1287 is divided by 37?
29
Calculate the remainder when 214681 is divided by 33.
16
What is the remainder when 50864 is divided by 1709?
1303
Calculate the remainder when 541616 is divided by 20.
16
Calculate the remainder when 6099 is divided by 1517.
31
Calculate the remainder when 877546 is divided by 877540.
6
Calculate the remainder when 3198 is divided by 1049.
51
What is the remainder when 558685 is divided by 618?
13
What is the remainder when 25007 is divided by 34?
17
Calculate the remainder when 228028 is divided by 15.
13
Calculate the remainder when 6441 is divided by 1480.
521
What is the remainder when 34837 is divided by 34824?
13
Calculate the remainder when 42645 is divided by 292.
13
Calculate the remainder when 49424 is divided by 24707.
10
What is the remainder when 24669 is divided by 76?
45
What is the remainder when 19294 is divided by 161?
135
What is the remainder when 1887 is divided by 106?
85
Calculate the remainder when 44973 is divided by 257.
255
Calculate the remainder when 152726 is divided by 32.
22
What is the remainder when 205 is divided by 118?
87
Calculate the remainder when 264301 is divided by 45.
16
What is the remainder when 40500 is divided by 332?
328
What is the remainder when 545871 is divided by 951?
948
Calculate the remainder when 4659 is divided by 31.
9
What is the remainder when 212252 is divided by 17?
7
Calculate the remainder when 11681 is divided by 3371.
1568
What is the remainder when 20524 is divided by 311?
309
What is the remainder when 34971 is divided by 58?
55
Calculate the remainder when 7851 is div